{"id":944,"date":"2012-10-01T15:42:24","date_gmt":"2012-10-01T12:42:24","guid":{"rendered":"http:\/\/www.ekek.ee\/?page_id=944"},"modified":"2012-10-01T15:49:24","modified_gmt":"2012-10-01T12:49:24","slug":"piiskop-tallinnas-30-09-12-2","status":"publish","type":"page","link":"https:\/\/www.ekek.ee\/?page_id=944","title":{"rendered":"Piiskop Tallinnas 30.09.12"},"content":{"rendered":"<div style=\"text-align: center;\"><img decoding=\"async\" src=\"http:\/\/www.ekek.ee\/pildid\/piiskop2012sept\/1.jpg\" alt=\"Muusikaline meditatsioon\" \/><\/p>\n<p>Muusikaline meditatsioon<\/p><\/div>\n<div style=\"text-align: center;\"><img decoding=\"async\" src=\"http:\/\/www.ekek.ee\/pildid\/piiskop2012sept\/2.jpg\" alt=\"Kogudus\" \/><\/p>\n<p>Kogudus<\/p><\/div>\n<div style=\"text-align: center;\"><img decoding=\"async\" src=\"http:\/\/www.ekek.ee\/pildid\/piiskop2012sept\/3.jpg\" alt=\"Piiskop\" \/><\/p>\n<p>Piiskop Eimer jutlustab, Regyta t\u00f5lgib<\/p><\/div>\n<div style=\"text-align: center;\"><img decoding=\"async\" src=\"http:\/\/www.ekek.ee\/pildid\/piiskop2012sept\/4.jpg\" alt=\"Altar\" \/><\/p>\n<p>Altar<\/p><\/div>\n<div style=\"text-align: center;\"><img decoding=\"async\" src=\"http:\/\/www.ekek.ee\/pildid\/piiskop2012sept\/5.jpg\" alt=\"Palved\" \/><\/p>\n<p>Usklike palved<\/p><\/div>\n<div style=\"text-align: center;\"><img decoding=\"async\" src=\"http:\/\/www.ekek.ee\/pildid\/piiskop2012sept\/6.jpg\" alt=\"P\u00fchitsemine\" \/><\/p>\n<p>P\u00fchitsemine<\/p><\/div>\n<div style=\"text-align: center;\"><img decoding=\"async\" src=\"http:\/\/www.ekek.ee\/pildid\/piiskop2012sept\/7.jpg\" alt=\"Armulaud\" \/><\/p>\n<p>Armulaual<\/p><\/div>\n<div style=\"text-align: center;\"><img decoding=\"async\" src=\"http:\/\/www.ekek.ee\/pildid\/piiskop2012sept\/8.jpg\" alt=\"Jagamine\" \/><\/p>\n<p>Jagamine<\/p><\/div>\n<div style=\"text-align: center;\"><img decoding=\"async\" src=\"http:\/\/www.ekek.ee\/pildid\/piiskop2012sept\/9.jpg\" alt=\"Kakk\" \/><\/p>\n<p>Kakk m\u00e4ngib<\/p><\/div>\n<div style=\"text-align: center;\"><img decoding=\"async\" src=\"http:\/\/www.ekek.ee\/pildid\/piiskop2012sept\/10.jpg\" alt=\"Piiskop ja klaver\" \/><\/p>\n<p>Piiskop ja klaver<\/p><\/div>\n<div style=\"text-align: center;\"><img decoding=\"async\" src=\"http:\/\/www.ekek.ee\/pildid\/piiskop2012sept\/11.jpg\" alt=\"Osadus\" \/><\/p>\n<p>Osadus peale missat<\/p><\/div>\n<p style=\"text-align: center;\">Pildistasid<\/p>\n<p style=\"text-align: center;\">Andreas ja Sten<\/p>\n","protected":false},"excerpt":{"rendered":"<p>Muusikaline meditatsioon Kogudus Piiskop Eimer jutlustab, Regyta t\u00f5lgib Altar Usklike palved P\u00fchitsemine Armulaual Jagamine Kakk m\u00e4ngib Piiskop ja klaver Osadus peale missat Pildistasid Andreas ja Sten<\/p>\n","protected":false},"author":9,"featured_media":0,"parent":10,"menu_order":0,"comment_status":"open","ping_status":"open","template":"","meta":{"footnotes":""},"class_list":["post-944","page","type-page","status-publish","hentry"],"_links":{"self":[{"href":"https:\/\/www.ekek.ee\/index.php?rest_route=\/wp\/v2\/pages\/944","targetHints":{"allow":["GET"]}}],"collection":[{"href":"https:\/\/www.ekek.ee\/index.php?rest_route=\/wp\/v2\/pages"}],"about":[{"href":"https:\/\/www.ekek.ee\/index.php?rest_route=\/wp\/v2\/types\/page"}],"author":[{"embeddable":true,"href":"https:\/\/www.ekek.ee\/index.php?rest_route=\/wp\/v2\/users\/9"}],"replies":[{"embeddable":true,"href":"https:\/\/www.ekek.ee\/index.php?rest_route=%2Fwp%2Fv2%2Fcomments&post=944"}],"version-history":[{"count":5,"href":"https:\/\/www.ekek.ee\/index.php?rest_route=\/wp\/v2\/pages\/944\/revisions"}],"predecessor-version":[{"id":949,"href":"https:\/\/www.ekek.ee\/index.php?rest_route=\/wp\/v2\/pages\/944\/revisions\/949"}],"up":[{"embeddable":true,"href":"https:\/\/www.ekek.ee\/index.php?rest_route=\/wp\/v2\/pages\/10"}],"wp:attachment":[{"href":"https:\/\/www.ekek.ee\/index.php?rest_route=%2Fwp%2Fv2%2Fmedia&parent=944"}],"curies":[{"name":"wp","href":"https:\/\/api.w.org\/{rel}","templated":true}]}}

<div style="text-align: center;"><img decoding="async" src="http://www.ekek.ee/pildid/piiskop2012sept/1.jpg" alt="Muusikaline meditatsioon" /></p>
<p>Muusikaline meditatsioon</p></div>
<div style="text-align: center;"><img decoding="async" src="http://www.ekek.ee/pildid/piiskop2012sept/2.jpg" alt="Kogudus" /></p>
<p>Kogudus</p></div>
<div style="text-align: center;"><img decoding="async" src="http://www.ekek.ee/pildid/piiskop2012sept/3.jpg" alt="Piiskop" /></p>
<p>Piiskop Eimer jutlustab, Regyta tõlgib</p></div>
<div style="text-align: center;"><img decoding="async" src="http://www.ekek.ee/pildid/piiskop2012sept/4.jpg" alt="Altar" /></p>
<p>Altar</p></div>
<div style="text-align: center;"><img decoding="async" src="http://www.ekek.ee/pildid/piiskop2012sept/5.jpg" alt="Palved" /></p>
<p>Usklike palved</p></div>
<div style="text-align: center;"><img decoding="async" src="http://www.ekek.ee/pildid/piiskop2012sept/6.jpg" alt="Pühitsemine" /></p>
<p>Pühitsemine</p></div>
<div style="text-align: center;"><img decoding="async" src="http://www.ekek.ee/pildid/piiskop2012sept/7.jpg" alt="Armulaud" /></p>
<p>Armulaual</p></div>
<div style="text-align: center;"><img decoding="async" src="http://www.ekek.ee/pildid/piiskop2012sept/8.jpg" alt="Jagamine" /></p>
<p>Jagamine</p></div>
<div style="text-align: center;"><img decoding="async" src="http://www.ekek.ee/pildid/piiskop2012sept/9.jpg" alt="Kakk" /></p>
<p>Kakk mängib</p></div>
<div style="text-align: center;"><img decoding="async" src="http://www.ekek.ee/pildid/piiskop2012sept/10.jpg" alt="Piiskop ja klaver" /></p>
<p>Piiskop ja klaver</p></div>
<div style="text-align: center;"><img decoding="async" src="http://www.ekek.ee/pildid/piiskop2012sept/11.jpg" alt="Osadus" /></p>
<p>Osadus peale missat</p></div>
<p style="text-align: center;">Pildistasid</p>
<p style="text-align: center;">Andreas ja Sten</p>

<p>Muusikaline meditatsioon Kogudus Piiskop Eimer jutlustab, Regyta tõlgib Altar Usklike palved Pühitsemine Armulaual Jagamine Kakk mängib Piiskop ja klaver Osadus peale missat Pildistasid Andreas ja Sten</p>
