{"id":657,"date":"2010-07-18T19:34:40","date_gmt":"2010-07-18T17:34:40","guid":{"rendered":"http:\/\/www.ekek.ee\/?page_id=657"},"modified":"2012-07-18T21:56:51","modified_gmt":"2012-07-18T18:56:51","slug":"suvelaager-2010","status":"publish","type":"page","link":"https:\/\/www.ekek.ee\/?page_id=657","title":{"rendered":"Suvelaager 2010"},"content":{"rendered":"<p style=\"text-align: center;\"><img loading=\"lazy\" decoding=\"async\" src=\"http:\/\/www.ekek.ee\/pildid\/laager2010\/P1012993v.jpg\" alt=\"\" width=\"400\" height=\"300\" \/><br \/>\nTuuriferiks on seekord Karin Proosa<\/p>\n<p style=\"text-align: center;\"><img loading=\"lazy\" decoding=\"async\" src=\"http:\/\/www.ekek.ee\/pildid\/laager2010\/P1013016v.jpg\" alt=\"\" width=\"400\" height=\"300\" \/><br \/>\nArmulaua p\u00fchitsemine avamissal<\/p>\n<p style=\"text-align: center;\"><img loading=\"lazy\" decoding=\"async\" src=\"http:\/\/www.ekek.ee\/pildid\/laager2010\/P1013021v.jpg\" alt=\"\" width=\"400\" height=\"300\" \/><br \/>\nAvamissal<\/p>\n<p style=\"text-align: center;\"><img loading=\"lazy\" decoding=\"async\" src=\"http:\/\/www.ekek.ee\/pildid\/laager2010\/laager060v.jpg\" alt=\"\" width=\"400\" height=\"300\" \/><br \/>\nR\u00f5\u00f5mus\u00f5numit jagab isa Leevi Lillem\u00e4e<\/p>\n<p style=\"text-align: center;\"><img loading=\"lazy\" decoding=\"async\" src=\"http:\/\/www.ekek.ee\/pildid\/laager2010\/laager042v.jpg\" alt=\"\" width=\"400\" height=\"300\" \/><br \/>\nKakk &#8211; hoos nagu ikka&#8230; loomas imelisi helisid<\/p>\n<p style=\"text-align: center;\"><img loading=\"lazy\" decoding=\"async\" src=\"http:\/\/www.ekek.ee\/pildid\/laager2010\/P1013027v.jpg\" alt=\"\" width=\"400\" height=\"300\" \/><br \/>\nOi kui imelised m\u00f5tted! Vapustavalt p\u00f5nev! Jaa&#8230;.<\/p>\n<p style=\"text-align: center;\"><img loading=\"lazy\" decoding=\"async\" src=\"http:\/\/www.ekek.ee\/pildid\/laager2010\/laager071v.jpg\" alt=\"\" width=\"400\" height=\"300\" \/><br \/>\nMis ta n\u00fc\u00fcd \u00fctles!?<\/p>\n<p style=\"text-align: center;\"><img loading=\"lazy\" decoding=\"async\" src=\"http:\/\/www.ekek.ee\/pildid\/laager2010\/laager075v.jpg\" alt=\"\" width=\"400\" height=\"300\" \/><br \/>\nOsalejaid oli ka Eestimaa kaguservast<\/p>\n<p style=\"text-align: center;\"><img loading=\"lazy\" decoding=\"async\" src=\"http:\/\/www.ekek.ee\/pildid\/laager2010\/laager076v.jpg\" alt=\"\" width=\"400\" height=\"300\" \/><br \/>\nOn kuulda midagi r\u00f5\u00f5mustavat<\/p>\n<p style=\"text-align: center;\"><img loading=\"lazy\" decoding=\"async\" src=\"http:\/\/www.ekek.ee\/pildid\/laager2010\/P1013029v.jpg\" alt=\"\" width=\"400\" height=\"300\" \/><br \/>\nSelgitava loengu jumalateenistuse olemusest pidas liturgikakor\u00fcfee Tartust &#8211; isa Priit Gregorios Tamm<\/p>\n<p style=\"text-align: center;\"><img loading=\"lazy\" decoding=\"async\" src=\"http:\/\/www.ekek.ee\/pildid\/laager2010\/laager133v.jpg\" alt=\"\" width=\"400\" height=\"300\" \/><br \/>\nOn, mille \u00fcle m\u00f5elda<\/p>\n<p style=\"text-align: center;\"><img loading=\"lazy\" decoding=\"async\" src=\"http:\/\/www.ekek.ee\/pildid\/laager2010\/laager049v.jpg\" alt=\"\" width=\"400\" height=\"300\" \/><br \/>\nL\u00e4heb pallim\u00e4nguks<\/p>\n<p style=\"text-align: center;\"><img loading=\"lazy\" decoding=\"async\" src=\"http:\/\/www.ekek.ee\/pildid\/laager2010\/P1012973v.jpg\" alt=\"\" width=\"400\" height=\"300\" \/><br \/>\nKehakinnitamine<\/p>\n<p style=\"text-align: center;\"><img loading=\"lazy\" decoding=\"async\" src=\"http:\/\/www.ekek.ee\/pildid\/laager2010\/laager106v.jpg\" alt=\"\" width=\"400\" height=\"300\" \/><br \/>\nSiit ma tulen&#8230;<\/p>\n<p style=\"text-align: center;\"><img loading=\"lazy\" decoding=\"async\" src=\"http:\/\/www.ekek.ee\/pildid\/laager2010\/laager107v.jpg\" alt=\"\" width=\"400\" height=\"300\" \/><br \/>\nTeisel pool lauda vast taas Kakk m\u00f5nda lugu jutustamas \ud83d\ude42<\/p>\n<p style=\"text-align: center;\"><img loading=\"lazy\" decoding=\"async\" src=\"http:\/\/www.ekek.ee\/pildid\/laager2010\/laager108v.jpg\" alt=\"\" width=\"400\" height=\"300\" \/><br \/>\nKohe s\u00fcnnib \u00fcks hea plaan<\/p>\n","protected":false},"excerpt":{"rendered":"<p>Tuuriferiks on seekord Karin Proosa Armulaua p\u00fchitsemine avamissal Avamissal R\u00f5\u00f5mus\u00f5numit jagab isa Leevi Lillem\u00e4e Kakk &#8211; hoos nagu ikka&#8230; loomas imelisi helisid Oi kui imelised m\u00f5tted! Vapustavalt p\u00f5nev! Jaa&#8230;. Mis ta n\u00fc\u00fcd \u00fctles!? Osalejaid oli ka Eestimaa kaguservast On kuulda midagi r\u00f5\u00f5mustavat Selgitava loengu jumalateenistuse olemusest pidas liturgikakor\u00fcfee Tartust &#8211; isa Priit Gregorios Tamm On, &hellip; <a href=\"https:\/\/www.ekek.ee\/?page_id=657\" class=\"more-link\">Loe edasi<span class=\"screen-reader-text\"> &#8220;Suvelaager 2010&#8221;<\/span><\/a><\/p>\n","protected":false},"author":3,"featured_media":0,"parent":10,"menu_order":0,"comment_status":"open","ping_status":"open","template":"","meta":{"footnotes":""},"class_list":["post-657","page","type-page","status-publish","hentry"],"_links":{"self":[{"href":"https:\/\/www.ekek.ee\/index.php?rest_route=\/wp\/v2\/pages\/657","targetHints":{"allow":["GET"]}}],"collection":[{"href":"https:\/\/www.ekek.ee\/index.php?rest_route=\/wp\/v2\/pages"}],"about":[{"href":"https:\/\/www.ekek.ee\/index.php?rest_route=\/wp\/v2\/types\/page"}],"author":[{"embeddable":true,"href":"https:\/\/www.ekek.ee\/index.php?rest_route=\/wp\/v2\/users\/3"}],"replies":[{"embeddable":true,"href":"https:\/\/www.ekek.ee\/index.php?rest_route=%2Fwp%2Fv2%2Fcomments&post=657"}],"version-history":[{"count":2,"href":"https:\/\/www.ekek.ee\/index.php?rest_route=\/wp\/v2\/pages\/657\/revisions"}],"predecessor-version":[{"id":822,"href":"https:\/\/www.ekek.ee\/index.php?rest_route=\/wp\/v2\/pages\/657\/revisions\/822"}],"up":[{"embeddable":true,"href":"https:\/\/www.ekek.ee\/index.php?rest_route=\/wp\/v2\/pages\/10"}],"wp:attachment":[{"href":"https:\/\/www.ekek.ee\/index.php?rest_route=%2Fwp%2Fv2%2Fmedia&parent=657"}],"curies":[{"name":"wp","href":"https:\/\/api.w.org\/{rel}","templated":true}]}}

<p style="text-align: center;"><img loading="lazy" decoding="async" src="http://www.ekek.ee/pildid/laager2010/P1012993v.jpg" alt="" width="400" height="300" /><br />
Tuuriferiks on seekord Karin Proosa</p>
<p style="text-align: center;"><img loading="lazy" decoding="async" src="http://www.ekek.ee/pildid/laager2010/P1013016v.jpg" alt="" width="400" height="300" /><br />
Armulaua pühitsemine avamissal</p>
<p style="text-align: center;"><img loading="lazy" decoding="async" src="http://www.ekek.ee/pildid/laager2010/P1013021v.jpg" alt="" width="400" height="300" /><br />
Avamissal</p>
<p style="text-align: center;"><img loading="lazy" decoding="async" src="http://www.ekek.ee/pildid/laager2010/laager060v.jpg" alt="" width="400" height="300" /><br />
Rõõmusõnumit jagab isa Leevi Lillemäe</p>
<p style="text-align: center;"><img loading="lazy" decoding="async" src="http://www.ekek.ee/pildid/laager2010/laager042v.jpg" alt="" width="400" height="300" /><br />
Kakk &#8211; hoos nagu ikka&#8230; loomas imelisi helisid</p>
<p style="text-align: center;"><img loading="lazy" decoding="async" src="http://www.ekek.ee/pildid/laager2010/P1013027v.jpg" alt="" width="400" height="300" /><br />
Oi kui imelised mõtted! Vapustavalt põnev! Jaa&#8230;.</p>
<p style="text-align: center;"><img loading="lazy" decoding="async" src="http://www.ekek.ee/pildid/laager2010/laager071v.jpg" alt="" width="400" height="300" /><br />
Mis ta nüüd ütles!?</p>
<p style="text-align: center;"><img loading="lazy" decoding="async" src="http://www.ekek.ee/pildid/laager2010/laager075v.jpg" alt="" width="400" height="300" /><br />
Osalejaid oli ka Eestimaa kaguservast</p>
<p style="text-align: center;"><img loading="lazy" decoding="async" src="http://www.ekek.ee/pildid/laager2010/laager076v.jpg" alt="" width="400" height="300" /><br />
On kuulda midagi rõõmustavat</p>
<p style="text-align: center;"><img loading="lazy" decoding="async" src="http://www.ekek.ee/pildid/laager2010/P1013029v.jpg" alt="" width="400" height="300" /><br />
Selgitava loengu jumalateenistuse olemusest pidas liturgikakorüfee Tartust &#8211; isa Priit Gregorios Tamm</p>
<p style="text-align: center;"><img loading="lazy" decoding="async" src="http://www.ekek.ee/pildid/laager2010/laager133v.jpg" alt="" width="400" height="300" /><br />
On, mille üle mõelda</p>
<p style="text-align: center;"><img loading="lazy" decoding="async" src="http://www.ekek.ee/pildid/laager2010/laager049v.jpg" alt="" width="400" height="300" /><br />
Läheb pallimänguks</p>
<p style="text-align: center;"><img loading="lazy" decoding="async" src="http://www.ekek.ee/pildid/laager2010/P1012973v.jpg" alt="" width="400" height="300" /><br />
Kehakinnitamine</p>
<p style="text-align: center;"><img loading="lazy" decoding="async" src="http://www.ekek.ee/pildid/laager2010/laager106v.jpg" alt="" width="400" height="300" /><br />
Siit ma tulen&#8230;</p>
<p style="text-align: center;"><img loading="lazy" decoding="async" src="http://www.ekek.ee/pildid/laager2010/laager107v.jpg" alt="" width="400" height="300" /><br />
Teisel pool lauda vast taas Kakk mõnda lugu jutustamas 🙂</p>
<p style="text-align: center;"><img loading="lazy" decoding="async" src="http://www.ekek.ee/pildid/laager2010/laager108v.jpg" alt="" width="400" height="300" /><br />
Kohe sünnib üks hea plaan</p>

<p>Tuuriferiks on seekord Karin Proosa Armulaua pühitsemine avamissal Avamissal Rõõmusõnumit jagab isa Leevi Lillemäe Kakk &#8211; hoos nagu ikka&#8230; loomas imelisi helisid Oi kui imelised mõtted! Vapustavalt põnev! Jaa&#8230;. Mis ta nüüd ütles!? Osalejaid oli ka Eestimaa kaguservast On kuulda midagi rõõmustavat Selgitava loengu jumalateenistuse olemusest pidas liturgikakorüfee Tartust &#8211; isa Priit Gregorios Tamm On, &hellip; <a href="https://www.ekek.ee/?page_id=657" class="more-link">Loe edasi<span class="screen-reader-text"> &#8220;Suvelaager 2010&#8221;</span></a></p>
